{"id":513,"date":"2021-10-14T08:43:34","date_gmt":"2021-10-14T08:43:34","guid":{"rendered":"https:\/\/jf-carvoeira.pt\/pt\/?page_id=513"},"modified":"2021-11-02T22:58:17","modified_gmt":"2021-11-02T22:58:17","slug":"competencias-assembleia","status":"publish","type":"page","link":"https:\/\/jf-carvoeira.pt\/pt\/competencias-assembleia\/","title":{"rendered":"Compet\u00eancias da Assembleia de Freguesia"},"content":{"rendered":"\t\t<div data-elementor-type=\"wp-page\" data-elementor-id=\"513\" class=\"elementor elementor-513\">\n\t\t\t\t\t\t<section class=\"elementor-section elementor-top-section elementor-element elementor-element-3ada3c4e elementor-section-content-middle elementor-section-boxed elementor-section-height-default elementor-section-height-default\" data-id=\"3ada3c4e\" data-element_type=\"section\">\n\t\t\t\t\t\t<div class=\"elementor-container elementor-column-gap-no\">\n\t\t\t\t\t<div class=\"elementor-column elementor-col-50 elementor-top-column elementor-element elementor-element-338233f0\" data-id=\"338233f0\" data-element_type=\"column\">\n\t\t\t<div class=\"elementor-widget-wrap elementor-element-populated\">\n\t\t\t\t\t\t<div class=\"elementor-element elementor-element-51ff2338 elementor-widget elementor-widget-image\" data-id=\"51ff2338\" data-element_type=\"widget\" data-widget_type=\"image.default\">\n\t\t\t\t<div class=\"elementor-widget-container\">\n\t\t\t\t\t\t\t\t\t\t\t\t\t\t\t<img fetchpriority=\"high\" decoding=\"async\" width=\"261\" height=\"347\" src=\"https:\/\/jf-carvoeira.pt\/pt\/wp-content\/uploads\/2021\/10\/estandarte-junta.gif\" class=\"attachment-full size-full wp-image-516\" alt=\"\" \/>\t\t\t\t\t\t\t\t\t\t\t\t\t\t\t<\/div>\n\t\t\t\t<\/div>\n\t\t\t\t\t<\/div>\n\t\t<\/div>\n\t\t\t\t<div class=\"elementor-column elementor-col-50 elementor-top-column elementor-element elementor-element-249673a6\" data-id=\"249673a6\" data-element_type=\"column\">\n\t\t\t<div class=\"elementor-widget-wrap elementor-element-populated\">\n\t\t\t\t\t\t<div class=\"elementor-element elementor-element-2c834c74 elementor-widget elementor-widget-text-editor\" data-id=\"2c834c74\" data-element_type=\"widget\" data-widget_type=\"text-editor.default\">\n\t\t\t\t<div class=\"elementor-widget-container\">\n\t\t\t\t\t\t\t\t\t<p>ASSEMBLEIA DE FREGUESIA<\/p>\t\t\t\t\t\t\t\t<\/div>\n\t\t\t\t<\/div>\n\t\t\t\t<div class=\"elementor-element elementor-element-45878f96 elementor-widget elementor-widget-heading\" data-id=\"45878f96\" data-element_type=\"widget\" data-widget_type=\"heading.default\">\n\t\t\t\t<div class=\"elementor-widget-container\">\n\t\t\t\t\t<h4 class=\"elementor-heading-title elementor-size-default\">Compet\u00eancias<\/h4>\t\t\t\t<\/div>\n\t\t\t\t<\/div>\n\t\t\t\t<div class=\"elementor-element elementor-element-b838706 elementor-widget elementor-widget-text-editor\" data-id=\"b838706\" data-element_type=\"widget\" data-widget_type=\"text-editor.default\">\n\t\t\t\t<div class=\"elementor-widget-container\">\n\t\t\t\t\t\t\t\t\t<div class=\"elementor-element elementor-element-93dc9dc elementor-view-default elementor-vertical-align-top elementor-widget elementor-widget-icon-box\" data-id=\"93dc9dc\" data-element_type=\"widget\" data-widget_type=\"icon-box.default\"><div class=\"elementor-widget-container\"><div class=\"elementor-icon-box-wrapper\"><div class=\"elementor-icon-box-content\"><p class=\"elementor-icon-box-description\" style=\"text-align: left;\">As compet\u00eancias da Assembleia de Freguesia est\u00e3o definidas no Artigo 9.\u00ba da Lei n.\u00ba 75\/2013, de 12 de Setembro, que estabelece o regime jur\u00eddico das autarquias locais. Consulte abaixo as compet\u00eancias da Assembleia de Freguesia.<\/p><\/div><\/div><\/div><\/div><div class=\"elementor-element elementor-element-57638f8 elementor-widget elementor-widget-text-editor\" data-id=\"57638f8\" data-element_type=\"widget\" data-widget_type=\"text-editor.default\"><div class=\"elementor-widget-container\"><div class=\"elementor-text-editor elementor-clearfix\"><div style=\"text-align: left;\"><strong>Regime Jur\u00eddico das Autarquias Locais<\/strong><\/div><div style=\"text-align: left;\">Lei n.\u00ba 752\/2013 \u2013 Compet\u00eancias da Assembleia da Freguesia<\/div><div>\u00a0<\/div><\/div><\/div><\/div>\t\t\t\t\t\t\t\t<\/div>\n\t\t\t\t<\/div>\n\t\t\t\t<div class=\"elementor-element elementor-element-6fde8cb elementor-align-center elementor-widget elementor-widget-button\" data-id=\"6fde8cb\" data-element_type=\"widget\" data-widget_type=\"button.default\">\n\t\t\t\t<div class=\"elementor-widget-container\">\n\t\t\t\t\t\t\t\t\t<div class=\"elementor-button-wrapper\">\n\t\t\t\t\t<a class=\"elementor-button elementor-button-link elementor-size-sm\" href=\"https:\/\/jf-carvoeira.pt\/pt\/apoio\/Lei-n.\u00ba-752013_Competencias-AssembleiaFreg.pdf\" target=\"_blank\">\n\t\t\t\t\t\t<span class=\"elementor-button-content-wrapper\">\n\t\t\t\t\t\t<span class=\"elementor-button-icon\">\n\t\t\t\t<i aria-hidden=\"true\" class=\"fas fa-play-circle\"><\/i>\t\t\t<\/span>\n\t\t\t\t\t\t\t\t\t<span class=\"elementor-button-text\">CONSULTAR<\/span>\n\t\t\t\t\t<\/span>\n\t\t\t\t\t<\/a>\n\t\t\t\t<\/div>\n\t\t\t\t\t\t\t\t<\/div>\n\t\t\t\t<\/div>\n\t\t\t\t\t<\/div>\n\t\t<\/div>\n\t\t\t\t\t<\/div>\n\t\t<\/section>\n\t\t\t\t<\/div>\n\t\t","protected":false},"excerpt":{"rendered":"<p>ASSEMBLEIA DE FREGUESIA Compet\u00eancias As compet\u00eancias da Assembleia de Freguesia est\u00e3o definidas no Artigo 9.\u00ba da Lei n.\u00ba 75\/2013, de 12 de Setembro, que estabelece o regime jur\u00eddico das autarquias locais. Consulte abaixo as compet\u00eancias da Assembleia de Freguesia. Regime Jur\u00eddico das Autarquias LocaisLei n.\u00ba 752\/2013 \u2013 Compet\u00eancias da Assembleia da Freguesia\u00a0 CONSULTAR<\/p>\n","protected":false},"author":1,"featured_media":0,"parent":0,"menu_order":0,"comment_status":"closed","ping_status":"closed","template":"elementor_header_footer","meta":{"_acf_changed":false,"footnotes":""},"class_list":["post-513","page","type-page","status-publish","hentry"],"aioseo_notices":[],"acf":[],"_links":{"self":[{"href":"https:\/\/jf-carvoeira.pt\/pt\/wp-json\/wp\/v2\/pages\/513","targetHints":{"allow":["GET"]}}],"collection":[{"href":"https:\/\/jf-carvoeira.pt\/pt\/wp-json\/wp\/v2\/pages"}],"about":[{"href":"https:\/\/jf-carvoeira.pt\/pt\/wp-json\/wp\/v2\/types\/page"}],"author":[{"embeddable":true,"href":"https:\/\/jf-carvoeira.pt\/pt\/wp-json\/wp\/v2\/users\/1"}],"replies":[{"embeddable":true,"href":"https:\/\/jf-carvoeira.pt\/pt\/wp-json\/wp\/v2\/comments?post=513"}],"version-history":[{"count":15,"href":"https:\/\/jf-carvoeira.pt\/pt\/wp-json\/wp\/v2\/pages\/513\/revisions"}],"predecessor-version":[{"id":976,"href":"https:\/\/jf-carvoeira.pt\/pt\/wp-json\/wp\/v2\/pages\/513\/revisions\/976"}],"wp:attachment":[{"href":"https:\/\/jf-carvoeira.pt\/pt\/wp-json\/wp\/v2\/media?parent=513"}],"curies":[{"name":"wp","href":"https:\/\/api.w.org\/{rel}","templated":true}]}}

Competências da Assembleia de Freguesia

<div data-elementor-type="wp-page" data-elementor-id="513" class="elementor elementor-513">
						<section class="elementor-section elementor-top-section elementor-element elementor-element-3ada3c4e elementor-section-content-middle elementor-section-boxed elementor-section-height-default elementor-section-height-default" data-id="3ada3c4e" data-element_type="section">
						<div class="elementor-container elementor-column-gap-no">
					<div class="elementor-column elementor-col-50 elementor-top-column elementor-element elementor-element-338233f0" data-id="338233f0" data-element_type="column">
			<div class="elementor-widget-wrap elementor-element-populated">
						<div class="elementor-element elementor-element-51ff2338 elementor-widget elementor-widget-image" data-id="51ff2338" data-element_type="widget" data-widget_type="image.default">
				<div class="elementor-widget-container">
															<img fetchpriority="high" decoding="async" width="261" height="347" src="https://jf-carvoeira.pt/pt/wp-content/uploads/2021/10/estandarte-junta.gif" class="attachment-full size-full wp-image-516" alt="" />															</div>
				</div>
					</div>
		</div>
				<div class="elementor-column elementor-col-50 elementor-top-column elementor-element elementor-element-249673a6" data-id="249673a6" data-element_type="column">
			<div class="elementor-widget-wrap elementor-element-populated">
						<div class="elementor-element elementor-element-2c834c74 elementor-widget elementor-widget-text-editor" data-id="2c834c74" data-element_type="widget" data-widget_type="text-editor.default">
				<div class="elementor-widget-container">
									<p>ASSEMBLEIA DE FREGUESIA</p>								</div>
				</div>
				<div class="elementor-element elementor-element-45878f96 elementor-widget elementor-widget-heading" data-id="45878f96" data-element_type="widget" data-widget_type="heading.default">
				<div class="elementor-widget-container">
					<h4 class="elementor-heading-title elementor-size-default">Competências</h4>				</div>
				</div>
				<div class="elementor-element elementor-element-b838706 elementor-widget elementor-widget-text-editor" data-id="b838706" data-element_type="widget" data-widget_type="text-editor.default">
				<div class="elementor-widget-container">
									<div class="elementor-element elementor-element-93dc9dc elementor-view-default elementor-vertical-align-top elementor-widget elementor-widget-icon-box" data-id="93dc9dc" data-element_type="widget" data-widget_type="icon-box.default"><div class="elementor-widget-container"><div class="elementor-icon-box-wrapper"><div class="elementor-icon-box-content"><p class="elementor-icon-box-description" style="text-align: left;">As competências da Assembleia de Freguesia estão definidas no Artigo 9.º da Lei n.º 75/2013, de 12 de Setembro, que estabelece o regime jurídico das autarquias locais. Consulte abaixo as competências da Assembleia de Freguesia.</p></div></div></div></div><div class="elementor-element elementor-element-57638f8 elementor-widget elementor-widget-text-editor" data-id="57638f8" data-element_type="widget" data-widget_type="text-editor.default"><div class="elementor-widget-container"><div class="elementor-text-editor elementor-clearfix"><div style="text-align: left;"><strong>Regime Jurídico das Autarquias Locais</strong></div><div style="text-align: left;">Lei n.º 752/2013 – Competências da Assembleia da Freguesia</div><div> </div></div></div></div>								</div>
				</div>
				<div class="elementor-element elementor-element-6fde8cb elementor-align-center elementor-widget elementor-widget-button" data-id="6fde8cb" data-element_type="widget" data-widget_type="button.default">
				<div class="elementor-widget-container">
									<div class="elementor-button-wrapper">
					<a class="elementor-button elementor-button-link elementor-size-sm" href="https://jf-carvoeira.pt/pt/apoio/Lei-n.º-752013_Competencias-AssembleiaFreg.pdf" target="_blank">
						<span class="elementor-button-content-wrapper">
						<span class="elementor-button-icon">
				<i aria-hidden="true" class="fas fa-play-circle"></i>			</span>
									<span class="elementor-button-text">CONSULTAR</span>
					</span>
					</a>
				</div>
								</div>
				</div>
					</div>
		</div>
					</div>
		</section>
				</div>

<p>ASSEMBLEIA DE FREGUESIA Competências As competências da Assembleia de Freguesia estão definidas no Artigo 9.º da Lei n.º 75/2013, de 12 de Setembro, que estabelece o regime jurídico das autarquias locais. Consulte abaixo as competências da Assembleia de Freguesia. Regime Jurídico das Autarquias LocaisLei n.º 752/2013 – Competências da Assembleia da Freguesia  CONSULTAR</p>
