{"id":3126,"date":"2025-12-11T16:09:21","date_gmt":"2025-12-11T16:09:21","guid":{"rendered":"https:\/\/jf-carvoeira.pt\/web\/?page_id=3126"},"modified":"2025-12-11T16:16:58","modified_gmt":"2025-12-11T16:16:58","slug":"mensagem-presidente","status":"publish","type":"page","link":"https:\/\/jf-carvoeira.pt\/web\/mensagem-presidente\/","title":{"rendered":"Mensagem do Presidente"},"content":{"rendered":"\t\t<div data-elementor-type=\"wp-page\" data-elementor-id=\"3126\" class=\"elementor elementor-3126\">\n\t\t\t\t<div class=\"elementor-element elementor-element-bd99c8b e-flex e-con-boxed e-con e-parent\" data-id=\"bd99c8b\" data-element_type=\"container\" data-e-type=\"container\">\n\t\t\t\t\t<div class=\"e-con-inner\">\n\t\t<div class=\"elementor-element elementor-element-34543d7 e-con-full e-flex e-con e-child\" data-id=\"34543d7\" data-element_type=\"container\" data-e-type=\"container\">\n\t\t\t\t<div class=\"elementor-element elementor-element-077c0c9 elementor-widget elementor-widget-image\" data-id=\"077c0c9\" data-element_type=\"widget\" data-e-type=\"widget\" data-widget_type=\"image.default\">\n\t\t\t\t\t\t\t\t\t\t\t\t\t\t\t<img fetchpriority=\"high\" decoding=\"async\" width=\"640\" height=\"640\" src=\"https:\/\/jf-carvoeira.pt\/web\/wp-content\/uploads\/2025\/12\/josecalapez-1024x1024.jpg\" class=\"attachment-large size-large wp-image-3128\" alt=\"Jos\u00e9 Calapez\" srcset=\"https:\/\/jf-carvoeira.pt\/web\/wp-content\/uploads\/2025\/12\/josecalapez-1024x1024.jpg 1024w, https:\/\/jf-carvoeira.pt\/web\/wp-content\/uploads\/2025\/12\/josecalapez-300x300.jpg 300w, https:\/\/jf-carvoeira.pt\/web\/wp-content\/uploads\/2025\/12\/josecalapez-150x150.jpg 150w, https:\/\/jf-carvoeira.pt\/web\/wp-content\/uploads\/2025\/12\/josecalapez-768x768.jpg 768w, https:\/\/jf-carvoeira.pt\/web\/wp-content\/uploads\/2025\/12\/josecalapez-500x500.jpg 500w, https:\/\/jf-carvoeira.pt\/web\/wp-content\/uploads\/2025\/12\/josecalapez-1536x1536.jpg 1536w, https:\/\/jf-carvoeira.pt\/web\/wp-content\/uploads\/2025\/12\/josecalapez.jpg 2047w\" sizes=\"(max-width: 640px) 100vw, 640px\" \/>\t\t\t\t\t\t\t\t\t\t\t\t\t\t\t<\/div>\n\t\t\t\t<\/div>\n\t\t<div class=\"elementor-element elementor-element-faf22ae e-con-full e-flex e-con e-child\" data-id=\"faf22ae\" data-element_type=\"container\" data-e-type=\"container\">\n\t\t\t\t<div class=\"elementor-element elementor-element-119d62c elementor-widget elementor-widget-heading\" data-id=\"119d62c\" data-element_type=\"widget\" data-e-type=\"widget\" data-widget_type=\"heading.default\">\n\t\t\t\t\t<h2 class=\"elementor-heading-title elementor-size-default\">Jos\u00e9 Calapez<\/h2>\t\t\t\t<\/div>\n\t\t\t\t<div class=\"elementor-element elementor-element-43a14c7 elementor-widget elementor-widget-heading\" data-id=\"43a14c7\" data-element_type=\"widget\" data-e-type=\"widget\" data-widget_type=\"heading.default\">\n\t\t\t\t\t<h2 class=\"elementor-heading-title elementor-size-default\">Mensagem do Presidente<\/h2>\t\t\t\t<\/div>\n\t\t\t\t<div class=\"elementor-element elementor-element-4a811ac elementor-widget elementor-widget-text-editor\" data-id=\"4a811ac\" data-element_type=\"widget\" data-e-type=\"widget\" data-widget_type=\"text-editor.default\">\n\t\t\t\t\t\t\t\t\t<div class=\"xdj266r x14z9mp xat24cr x1lziwak x1vvkbs x126k92a\"><div dir=\"auto\">Foi com uma grande honra e um profundo sentido de responsabilidade que tomei posse como Presidente da Junta de Freguesia da Carvoeira.<\/div><\/div><div class=\"x14z9mp xat24cr x1lziwak x1vvkbs xtlvy1s x126k92a\"><div dir=\"auto\">Este \u00e9 um momento marcante, n\u00e3o apenas para mim, mas para todos os que acreditam que \u00e9 poss\u00edvel construir, com trabalho e proximidade, uma freguesia mais forte, mais coesa e mais participada.<\/div><div dir=\"auto\">\u00a0<\/div><\/div><div class=\"x14z9mp xat24cr x1lziwak x1vvkbs xtlvy1s x126k92a\"><div dir=\"auto\">Quero deixar uma palavra de agradecimento a todos os cidad\u00e3os que confiaram em n\u00f3s e manifestaram, atrav\u00e9s do voto, a esperan\u00e7a de ver a Carvoeira continuar a crescer, com equil\u00edbrio e sentido de comunidade. Essa confian\u00e7a \u00e9 um compromisso que assumo com total dedica\u00e7\u00e3o e transpar\u00eancia.<\/div><div dir=\"auto\">\u00a0<\/div><div dir=\"auto\">Este nosso mandato assenta em princ\u00edpios claros: proximidade, transpar\u00eancia e participa\u00e7\u00e3o.<\/div><\/div>\t\t\t\t\t\t\t\t<\/div>\n\t\t\t\t<\/div>\n\t\t\t\t\t<\/div>\n\t\t\t\t<\/div>\n\t\t<div class=\"elementor-element elementor-element-bb1b859 e-flex e-con-boxed e-con e-parent\" data-id=\"bb1b859\" data-element_type=\"container\" data-e-type=\"container\">\n\t\t\t\t\t<div class=\"e-con-inner\">\n\t\t\t\t<div class=\"elementor-element elementor-element-c97b9f8 elementor-widget elementor-widget-text-editor\" data-id=\"c97b9f8\" data-element_type=\"widget\" data-e-type=\"widget\" data-widget_type=\"text-editor.default\">\n\t\t\t\t\t\t\t\t\t<div class=\"x14z9mp xat24cr x1lziwak x1vvkbs xtlvy1s x126k92a\"><div dir=\"auto\">Queremos uma Junta aberta, pr\u00f3xima das pessoas, que ouve e responde com rigor e sentido de responsabilidade.<\/div><\/div><div class=\"x14z9mp xat24cr x1lziwak x1vvkbs xtlvy1s x126k92a\"><div dir=\"auto\">E queremos faz\u00ea-lo com uma vis\u00e3o de futuro, apostando num desenvolvimento sustent\u00e1vel e equilibrado, que respeite o ambiente e este territ\u00f3rio que \u00e9 de todos n\u00f3s. Sabemos que o caminho \u00e9 exigente, mas \u00e9 com o envolvimento de todos que construiremos, em conjunto, uma Carvoeira mais viva, solid\u00e1ria e orgulhosa das suas ra\u00edzes.<\/div><\/div><div class=\"x14z9mp xat24cr x1lziwak x1vvkbs xtlvy1s x126k92a\"><div dir=\"auto\">\u00a0<\/div><div dir=\"auto\">Reafirmo assim o meu compromisso: trabalhar todos os dias com verdade, dedica\u00e7\u00e3o e respeito, ao servi\u00e7o da Freguesia da Carvoeira e de todos os cidad\u00e3os.<\/div><\/div><div class=\"x14z9mp xat24cr x1lziwak x1vvkbs xtlvy1s x126k92a\"><div dir=\"auto\">\u00a0<\/div><div dir=\"auto\">Muito obrigado a todos.<\/div><div dir=\"auto\">Viva a Carvoeira!<\/div><\/div>\t\t\t\t\t\t\t\t<\/div>\n\t\t\t\t\t<\/div>\n\t\t\t\t<\/div>\n\t\t<div class=\"elementor-element elementor-element-94426f6 e-flex e-con-boxed e-con e-parent\" data-id=\"94426f6\" data-element_type=\"container\" data-e-type=\"container\">\n\t\t\t\t\t<div class=\"e-con-inner\">\n\t\t\t\t<div class=\"elementor-element elementor-element-74b3fef elementor-widget elementor-widget-spacer\" data-id=\"74b3fef\" data-element_type=\"widget\" data-e-type=\"widget\" data-widget_type=\"spacer.default\">\n\t\t\t\t\t\t\t<div class=\"elementor-spacer\">\n\t\t\t<div class=\"elementor-spacer-inner\"><\/div>\n\t\t<\/div>\n\t\t\t\t\t\t<\/div>\n\t\t\t\t\t<\/div>\n\t\t\t\t<\/div>\n\t\t\t\t<\/div>\n\t\t","protected":false},"excerpt":{"rendered":"<p>Jos\u00e9 Calapez Mensagem do Presidente Foi com uma grande honra e um profundo sentido de responsabilidade que tomei posse como Presidente da Junta de Freguesia da Carvoeira.Este \u00e9 um momento marcante, n\u00e3o apenas para mim, mas para todos os que acreditam que \u00e9 poss\u00edvel construir, com trabalho e proximidade, uma freguesia mais forte, mais coesa [&hellip;]<\/p>\n","protected":false},"author":1,"featured_media":0,"parent":0,"menu_order":0,"comment_status":"closed","ping_status":"closed","template":"elementor_canvas","meta":{"footnotes":""},"class_list":["post-3126","page","type-page","status-publish","hentry"],"_links":{"self":[{"href":"https:\/\/jf-carvoeira.pt\/web\/wp-json\/wp\/v2\/pages\/3126","targetHints":{"allow":["GET"]}}],"collection":[{"href":"https:\/\/jf-carvoeira.pt\/web\/wp-json\/wp\/v2\/pages"}],"about":[{"href":"https:\/\/jf-carvoeira.pt\/web\/wp-json\/wp\/v2\/types\/page"}],"author":[{"embeddable":true,"href":"https:\/\/jf-carvoeira.pt\/web\/wp-json\/wp\/v2\/users\/1"}],"replies":[{"embeddable":true,"href":"https:\/\/jf-carvoeira.pt\/web\/wp-json\/wp\/v2\/comments?post=3126"}],"version-history":[{"count":19,"href":"https:\/\/jf-carvoeira.pt\/web\/wp-json\/wp\/v2\/pages\/3126\/revisions"}],"predecessor-version":[{"id":3146,"href":"https:\/\/jf-carvoeira.pt\/web\/wp-json\/wp\/v2\/pages\/3126\/revisions\/3146"}],"wp:attachment":[{"href":"https:\/\/jf-carvoeira.pt\/web\/wp-json\/wp\/v2\/media?parent=3126"}],"curies":[{"name":"wp","href":"https:\/\/api.w.org\/{rel}","templated":true}]}}

<div data-elementor-type="wp-page" data-elementor-id="3126" class="elementor elementor-3126">
				<div class="elementor-element elementor-element-bd99c8b e-flex e-con-boxed e-con e-parent" data-id="bd99c8b" data-element_type="container" data-e-type="container">
					<div class="e-con-inner">
		<div class="elementor-element elementor-element-34543d7 e-con-full e-flex e-con e-child" data-id="34543d7" data-element_type="container" data-e-type="container">
				<div class="elementor-element elementor-element-077c0c9 elementor-widget elementor-widget-image" data-id="077c0c9" data-element_type="widget" data-e-type="widget" data-widget_type="image.default">
															<img fetchpriority="high" decoding="async" width="640" height="640" src="https://jf-carvoeira.pt/web/wp-content/uploads/2025/12/josecalapez-1024x1024.jpg" class="attachment-large size-large wp-image-3128" alt="José Calapez" srcset="https://jf-carvoeira.pt/web/wp-content/uploads/2025/12/josecalapez-1024x1024.jpg 1024w, https://jf-carvoeira.pt/web/wp-content/uploads/2025/12/josecalapez-300x300.jpg 300w, https://jf-carvoeira.pt/web/wp-content/uploads/2025/12/josecalapez-150x150.jpg 150w, https://jf-carvoeira.pt/web/wp-content/uploads/2025/12/josecalapez-768x768.jpg 768w, https://jf-carvoeira.pt/web/wp-content/uploads/2025/12/josecalapez-500x500.jpg 500w, https://jf-carvoeira.pt/web/wp-content/uploads/2025/12/josecalapez-1536x1536.jpg 1536w, https://jf-carvoeira.pt/web/wp-content/uploads/2025/12/josecalapez.jpg 2047w" sizes="(max-width: 640px) 100vw, 640px" />															</div>
				</div>
		<div class="elementor-element elementor-element-faf22ae e-con-full e-flex e-con e-child" data-id="faf22ae" data-element_type="container" data-e-type="container">
				<div class="elementor-element elementor-element-119d62c elementor-widget elementor-widget-heading" data-id="119d62c" data-element_type="widget" data-e-type="widget" data-widget_type="heading.default">
					<h2 class="elementor-heading-title elementor-size-default">José Calapez</h2>				</div>
				<div class="elementor-element elementor-element-43a14c7 elementor-widget elementor-widget-heading" data-id="43a14c7" data-element_type="widget" data-e-type="widget" data-widget_type="heading.default">
					<h2 class="elementor-heading-title elementor-size-default">Mensagem do Presidente</h2>				</div>
				<div class="elementor-element elementor-element-4a811ac elementor-widget elementor-widget-text-editor" data-id="4a811ac" data-element_type="widget" data-e-type="widget" data-widget_type="text-editor.default">
									<div class="xdj266r x14z9mp xat24cr x1lziwak x1vvkbs x126k92a"><div dir="auto">Foi com uma grande honra e um profundo sentido de responsabilidade que tomei posse como Presidente da Junta de Freguesia da Carvoeira.</div></div><div class="x14z9mp xat24cr x1lziwak x1vvkbs xtlvy1s x126k92a"><div dir="auto">Este é um momento marcante, não apenas para mim, mas para todos os que acreditam que é possível construir, com trabalho e proximidade, uma freguesia mais forte, mais coesa e mais participada.</div><div dir="auto"> </div></div><div class="x14z9mp xat24cr x1lziwak x1vvkbs xtlvy1s x126k92a"><div dir="auto">Quero deixar uma palavra de agradecimento a todos os cidadãos que confiaram em nós e manifestaram, através do voto, a esperança de ver a Carvoeira continuar a crescer, com equilíbrio e sentido de comunidade. Essa confiança é um compromisso que assumo com total dedicação e transparência.</div><div dir="auto"> </div><div dir="auto">Este nosso mandato assenta em princípios claros: proximidade, transparência e participação.</div></div>								</div>
				</div>
					</div>
				</div>
		<div class="elementor-element elementor-element-bb1b859 e-flex e-con-boxed e-con e-parent" data-id="bb1b859" data-element_type="container" data-e-type="container">
					<div class="e-con-inner">
				<div class="elementor-element elementor-element-c97b9f8 elementor-widget elementor-widget-text-editor" data-id="c97b9f8" data-element_type="widget" data-e-type="widget" data-widget_type="text-editor.default">
									<div class="x14z9mp xat24cr x1lziwak x1vvkbs xtlvy1s x126k92a"><div dir="auto">Queremos uma Junta aberta, próxima das pessoas, que ouve e responde com rigor e sentido de responsabilidade.</div></div><div class="x14z9mp xat24cr x1lziwak x1vvkbs xtlvy1s x126k92a"><div dir="auto">E queremos fazê-lo com uma visão de futuro, apostando num desenvolvimento sustentável e equilibrado, que respeite o ambiente e este território que é de todos nós. Sabemos que o caminho é exigente, mas é com o envolvimento de todos que construiremos, em conjunto, uma Carvoeira mais viva, solidária e orgulhosa das suas raízes.</div></div><div class="x14z9mp xat24cr x1lziwak x1vvkbs xtlvy1s x126k92a"><div dir="auto"> </div><div dir="auto">Reafirmo assim o meu compromisso: trabalhar todos os dias com verdade, dedicação e respeito, ao serviço da Freguesia da Carvoeira e de todos os cidadãos.</div></div><div class="x14z9mp xat24cr x1lziwak x1vvkbs xtlvy1s x126k92a"><div dir="auto"> </div><div dir="auto">Muito obrigado a todos.</div><div dir="auto">Viva a Carvoeira!</div></div>								</div>
					</div>
				</div>
		<div class="elementor-element elementor-element-94426f6 e-flex e-con-boxed e-con e-parent" data-id="94426f6" data-element_type="container" data-e-type="container">
					<div class="e-con-inner">
				<div class="elementor-element elementor-element-74b3fef elementor-widget elementor-widget-spacer" data-id="74b3fef" data-element_type="widget" data-e-type="widget" data-widget_type="spacer.default">
							<div class="elementor-spacer">
			<div class="elementor-spacer-inner"></div>
		</div>
						</div>
					</div>
				</div>
				</div>

<p>José Calapez Mensagem do Presidente Foi com uma grande honra e um profundo sentido de responsabilidade que tomei posse como Presidente da Junta de Freguesia da Carvoeira.Este é um momento marcante, não apenas para mim, mas para todos os que acreditam que é possível construir, com trabalho e proximidade, uma freguesia mais forte, mais coesa [&hellip;]</p>
